{"id":8427,"date":"2022-09-22T16:59:19","date_gmt":"2022-09-22T09:59:19","guid":{"rendered":"https:\/\/nongphat.com.vn\/?post_type=product&#038;p=8427"},"modified":"2022-09-23T10:00:50","modified_gmt":"2022-09-23T03:00:50","slug":"hat-giong-dua-leo-sumi-sumi","status":"publish","type":"product","link":"https:\/\/nongphat.com.vn\/jap\/san-pham\/hat-giong-dua-leo-sumi-sumi\/","title":{"rendered":"H\u1ea1t Gi\u1ed1ng D\u01b0a Leo SUMI SUMI"},"content":{"rendered":"","protected":false},"excerpt":{"rendered":"<p><strong><span style=\"font-size: 130%; color: #f99b1c;\">M\u00f4 t\u1ea3:\u00a0<\/span><\/strong><\/p>\n<ul>\n<li><span style=\"color: #282828;\">D\u01b0a leo baby ng\u1ecdt v\u00e0 m\u1ecdng n\u01b0\u1edbc, r\u1ea5t sai qu\u1ea3. Ra qua li\u00ean t\u1ee5c, ra t\u1eeb g\u1ed1c \u0111\u1ebfn ng\u1ecdn, th\u1eddi gian thu ho\u1ea1ch s\u1edbm ch\u1ec9 sau 27 ng\u00e0y ng\u00e0y k\u1ec3 t\u1eeb ng\u00e0y gieo h\u1ea1t.<\/span><\/li>\n<li><span style=\"color: #282828;\">Th\u00edch h\u1ee3p c\u00f4ng t\u00e1c theo c\u00f4ng ngh\u1ec7 truy\u1ec1n th\u1ed1ng, nh\u00e0 m\u00e0ng c\u00f4ng ngh\u1ec7 th\u1ea5p, trung b\u00ecnh ho\u1eb7c cao \u0111\u1ec1 \u0111\u01b0\u1ee3c<\/span><\/li>\n<li><span style=\"color: #282828;\">M\u1ed9t l\u00f3ng \u0111\u1eadu 2-3 tr\u00e1i,<\/span><\/li>\n<li><span style=\"color: #282828;\">Kh\u00e1ng b\u1ec7nh: CMV, CVYV: IR<\/span><\/li>\n<li><span style=\"color: #282828;\">Gi\u1ed1ng d\u01b0a leo F1 Hyprid<\/span><\/li>\n<li><span style=\"color: #282828;\">T\u1ef7 l\u1ec7 n\u1ea3y m\u1ea7m: &gt; 85%<\/span><\/li>\n<li><span style=\"color: #282828;\">K\u00edch th\u01b0\u1edbc qu\u1ea3:\u00a0 6-7 cm<\/span><\/li>\n<li><span style=\"color: #282828;\">Th\u1eddi gian thu ho\u1ea1ch: 27-30 ng\u00e0y sau tr\u1ed3ng<\/span><\/li>\n<li><span style=\"color: #282828;\">Th\u1eddi v\u1ee5 tr\u1ed3ng: quanh n\u0103m<\/span><\/li>\n<\/ul>\n","protected":false},"featured_media":8428,"comment_status":"open","ping_status":"closed","template":"","meta":[],"product_cat":[1185],"product_tag":[],"yoast_head":"<!-- This site is optimized with the Yoast SEO plugin v17.6 - https:\/\/yoast.com\/wordpress\/plugins\/seo\/ -->\n<title>H\u1ea1t Gi\u1ed1ng D\u01b0a Leo SUMI SUMI - N\u00f4ng Ph\u00e1t<\/title>\n<meta name=\"description\" content=\"M\u00f4 t\u1ea3:\u00a0   D\u01b0a leo baby ng\u1ecdt v\u00e0 m\u1ecdng n\u01b0\u1edbc, r\u1ea5t sai qu\u1ea3. Ra qua li\u00ean t\u1ee5c, ra t\u1eeb g\u1ed1c \u0111\u1ebfn ng\u1ecdn, th\u1eddi gian thu ho\u1ea1ch s\u1edbm ch\u1ec9 sau 27 ng\u00e0y ng\u00e0y k\u1ec3 t\u1eeb ng\u00e0y gieo h\u1ea1t.  Th\u00edch h\u1ee3p c\u00f4ng t\u00e1c theo c\u00f4ng ngh\u1ec7 truy\u1ec1n th\u1ed1ng, nh\u00e0 m\u00e0ng c\u00f4ng ngh\u1ec7 th\u1ea5p, trung b\u00ecnh ho\u1eb7c cao \u0111\u1ec1 \u0111\u01b0\u1ee3c  M\u1ed9t l\u00f3ng \u0111\u1eadu 2-3 tr\u00e1i,  Kh\u00e1ng b\u1ec7nh: CMV, CVYV: IR  Gi\u1ed1ng d\u01b0a leo F1 Hyprid  T\u1ef7 l\u1ec7 n\u1ea3y m\u1ea7m: &gt; 85%  K\u00edch th\u01b0\u1edbc qu\u1ea3:\u00a0 6-7 cm  Th\u1eddi gian thu ho\u1ea1ch: 27-30 ng\u00e0y sau tr\u1ed3ng  Th\u1eddi v\u1ee5 tr\u1ed3ng: quanh n\u0103m\" \/>\n<meta name=\"robots\" content=\"index, follow, max-snippet:-1, max-image-preview:large, max-video-preview:-1\" \/>\n<link rel=\"canonical\" href=\"https:\/\/nongphat.com.vn\/jap\/san-pham\/hat-giong-dua-leo-sumi-sumi\/\" \/>\n<meta property=\"og:locale\" content=\"en_US\" \/>\n<meta property=\"og:type\" content=\"article\" \/>\n<meta property=\"og:title\" content=\"H\u1ea1t Gi\u1ed1ng D\u01b0a Leo SUMI SUMI - N\u00f4ng Ph\u00e1t\" \/>\n<meta property=\"og:description\" content=\"M\u00f4 t\u1ea3:\u00a0   D\u01b0a leo baby ng\u1ecdt v\u00e0 m\u1ecdng n\u01b0\u1edbc, r\u1ea5t sai qu\u1ea3. Ra qua li\u00ean t\u1ee5c, ra t\u1eeb g\u1ed1c \u0111\u1ebfn ng\u1ecdn, th\u1eddi gian thu ho\u1ea1ch s\u1edbm ch\u1ec9 sau 27 ng\u00e0y ng\u00e0y k\u1ec3 t\u1eeb ng\u00e0y gieo h\u1ea1t.  Th\u00edch h\u1ee3p c\u00f4ng t\u00e1c theo c\u00f4ng ngh\u1ec7 truy\u1ec1n th\u1ed1ng, nh\u00e0 m\u00e0ng c\u00f4ng ngh\u1ec7 th\u1ea5p, trung b\u00ecnh ho\u1eb7c cao \u0111\u1ec1 \u0111\u01b0\u1ee3c  M\u1ed9t l\u00f3ng \u0111\u1eadu 2-3 tr\u00e1i,  Kh\u00e1ng b\u1ec7nh: CMV, CVYV: IR  Gi\u1ed1ng d\u01b0a leo F1 Hyprid  T\u1ef7 l\u1ec7 n\u1ea3y m\u1ea7m: &gt; 85%  K\u00edch th\u01b0\u1edbc qu\u1ea3:\u00a0 6-7 cm  Th\u1eddi gian thu ho\u1ea1ch: 27-30 ng\u00e0y sau tr\u1ed3ng  Th\u1eddi v\u1ee5 tr\u1ed3ng: quanh n\u0103m\" \/>\n<meta property=\"og:url\" content=\"https:\/\/nongphat.com.vn\/san-pham\/hat-giong-dua-leo-sumi-sumi\/\" \/>\n<meta property=\"og:site_name\" content=\"N\u00f4ng Ph\u00e1t\" \/>\n<meta property=\"article:publisher\" content=\"https:\/\/www.facebook.com\/NONG.PHAT.Melon\" \/>\n<meta property=\"article:modified_time\" content=\"2022-09-23T03:00:50+00:00\" \/>\n<meta property=\"og:image\" content=\"https:\/\/nongphat.com.vn\/wp-content\/uploads\/2022\/09\/du\u031ba-leo-sumi.jpg\" \/>\n\t<meta property=\"og:image:width\" content=\"1064\" \/>\n\t<meta property=\"og:image:height\" content=\"1064\" \/>\n<meta name=\"twitter:card\" content=\"summary_large_image\" \/>\n<script type=\"application\/ld+json\" class=\"yoast-schema-graph\">{\"@context\":\"https:\/\/schema.org\",\"@graph\":[{\"@type\":\"Organization\",\"@id\":\"https:\/\/nongphat.com.vn\/#organization\",\"name\":\"H\\u1ea1t Gi\\u1ed1ng Nh\\u1eadt B\\u1ea3n - N\\u00f4ng Ph\\u00e1t Farm\",\"url\":\"https:\/\/nongphat.com.vn\/\",\"sameAs\":[\"https:\/\/www.facebook.com\/NONG.PHAT.Melon\",\"https:\/\/www.instagram.com\/nongphatfarm\/\",\"https:\/\/www.youtube.com\/channel\/UCrgCTZ6Dmvhys0bbs6kXycg\"],\"logo\":{\"@type\":\"ImageObject\",\"@id\":\"https:\/\/nongphat.com.vn\/#logo\",\"inLanguage\":\"jap\",\"url\":\"https:\/\/nongphat.com.vn\/wp-content\/uploads\/2021\/06\/logo-nong-phat.jpg\",\"contentUrl\":\"https:\/\/nongphat.com.vn\/wp-content\/uploads\/2021\/06\/logo-nong-phat.jpg\",\"width\":1578,\"height\":1578,\"caption\":\"H\\u1ea1t Gi\\u1ed1ng Nh\\u1eadt B\\u1ea3n - N\\u00f4ng Ph\\u00e1t Farm\"},\"image\":{\"@id\":\"https:\/\/nongphat.com.vn\/#logo\"}},{\"@type\":\"WebSite\",\"@id\":\"https:\/\/nongphat.com.vn\/#website\",\"url\":\"https:\/\/nongphat.com.vn\/\",\"name\":\"N\\u00f4ng Ph\\u00e1t\",\"description\":\"H\\u1ea1t gi\\u1ed1ng Nh\\u1eadt B\\u1ea3n - N\\u00f4ng Ph\\u00e1t Farm\",\"publisher\":{\"@id\":\"https:\/\/nongphat.com.vn\/#organization\"},\"potentialAction\":[{\"@type\":\"SearchAction\",\"target\":{\"@type\":\"EntryPoint\",\"urlTemplate\":\"https:\/\/nongphat.com.vn\/?s={search_term_string}\"},\"query-input\":\"required name=search_term_string\"}],\"inLanguage\":\"jap\"},{\"@type\":\"ImageObject\",\"@id\":\"https:\/\/nongphat.com.vn\/san-pham\/hat-giong-dua-leo-sumi-sumi\/#primaryimage\",\"inLanguage\":\"jap\",\"url\":\"https:\/\/nongphat.com.vn\/wp-content\/uploads\/2022\/09\/du\\u031ba-leo-sumi.jpg\",\"contentUrl\":\"https:\/\/nongphat.com.vn\/wp-content\/uploads\/2022\/09\/du\\u031ba-leo-sumi.jpg\",\"width\":1064,\"height\":1064},{\"@type\":\"WebPage\",\"@id\":\"https:\/\/nongphat.com.vn\/san-pham\/hat-giong-dua-leo-sumi-sumi\/#webpage\",\"url\":\"https:\/\/nongphat.com.vn\/san-pham\/hat-giong-dua-leo-sumi-sumi\/\",\"name\":\"H\\u1ea1t Gi\\u1ed1ng D\\u01b0a Leo SUMI SUMI - N\\u00f4ng Ph\\u00e1t\",\"isPartOf\":{\"@id\":\"https:\/\/nongphat.com.vn\/#website\"},\"primaryImageOfPage\":{\"@id\":\"https:\/\/nongphat.com.vn\/san-pham\/hat-giong-dua-leo-sumi-sumi\/#primaryimage\"},\"datePublished\":\"2022-09-22T09:59:19+00:00\",\"dateModified\":\"2022-09-23T03:00:50+00:00\",\"description\":\"M\\u00f4 t\\u1ea3:\\u00a0 D\\u01b0a leo baby ng\\u1ecdt v\\u00e0 m\\u1ecdng n\\u01b0\\u1edbc, r\\u1ea5t sai qu\\u1ea3. Ra qua li\\u00ean t\\u1ee5c, ra t\\u1eeb g\\u1ed1c \\u0111\\u1ebfn ng\\u1ecdn, th\\u1eddi gian thu ho\\u1ea1ch s\\u1edbm ch\\u1ec9 sau 27 ng\\u00e0y ng\\u00e0y k\\u1ec3 t\\u1eeb ng\\u00e0y gieo h\\u1ea1t. Th\\u00edch h\\u1ee3p c\\u00f4ng t\\u00e1c theo c\\u00f4ng ngh\\u1ec7 truy\\u1ec1n th\\u1ed1ng, nh\\u00e0 m\\u00e0ng c\\u00f4ng ngh\\u1ec7 th\\u1ea5p, trung b\\u00ecnh ho\\u1eb7c cao \\u0111\\u1ec1 \\u0111\\u01b0\\u1ee3c M\\u1ed9t l\\u00f3ng \\u0111\\u1eadu 2-3 tr\\u00e1i, Kh\\u00e1ng b\\u1ec7nh: CMV, CVYV: IR Gi\\u1ed1ng d\\u01b0a leo F1 Hyprid T\\u1ef7 l\\u1ec7 n\\u1ea3y m\\u1ea7m: &gt; 85% K\\u00edch th\\u01b0\\u1edbc qu\\u1ea3:\\u00a0 6-7 cm Th\\u1eddi gian thu ho\\u1ea1ch: 27-30 ng\\u00e0y sau tr\\u1ed3ng Th\\u1eddi v\\u1ee5 tr\\u1ed3ng: quanh n\\u0103m\",\"breadcrumb\":{\"@id\":\"https:\/\/nongphat.com.vn\/san-pham\/hat-giong-dua-leo-sumi-sumi\/#breadcrumb\"},\"inLanguage\":\"jap\",\"potentialAction\":[{\"@type\":\"ReadAction\",\"target\":[\"https:\/\/nongphat.com.vn\/san-pham\/hat-giong-dua-leo-sumi-sumi\/\"]}]},{\"@type\":\"BreadcrumbList\",\"@id\":\"https:\/\/nongphat.com.vn\/san-pham\/hat-giong-dua-leo-sumi-sumi\/#breadcrumb\",\"itemListElement\":[{\"@type\":\"ListItem\",\"position\":1,\"name\":\"\\u30db\\u30fc\\u30e0\\u30da\\u30fc\\u30b8\",\"item\":\"https:\/\/nongphat.com.vn\/jap\/\"},{\"@type\":\"ListItem\",\"position\":2,\"name\":\"\\u5546\\u54c1\\u4e00\\u89a7\",\"item\":\"https:\/\/nongphat.com.vn\/jap\/cua-hang\/\"},{\"@type\":\"ListItem\",\"position\":3,\"name\":\"H\\u1ea1t Gi\\u1ed1ng D\\u01b0a Leo SUMI SUMI\"}]}]}<\/script>\n<!-- \/ Yoast SEO plugin. -->","yoast_head_json":{"title":"H\u1ea1t Gi\u1ed1ng D\u01b0a Leo SUMI SUMI - N\u00f4ng Ph\u00e1t","description":"M\u00f4 t\u1ea3:\u00a0   D\u01b0a leo baby ng\u1ecdt v\u00e0 m\u1ecdng n\u01b0\u1edbc, r\u1ea5t sai qu\u1ea3. Ra qua li\u00ean t\u1ee5c, ra t\u1eeb g\u1ed1c \u0111\u1ebfn ng\u1ecdn, th\u1eddi gian thu ho\u1ea1ch s\u1edbm ch\u1ec9 sau 27 ng\u00e0y ng\u00e0y k\u1ec3 t\u1eeb ng\u00e0y gieo h\u1ea1t.  Th\u00edch h\u1ee3p c\u00f4ng t\u00e1c theo c\u00f4ng ngh\u1ec7 truy\u1ec1n th\u1ed1ng, nh\u00e0 m\u00e0ng c\u00f4ng ngh\u1ec7 th\u1ea5p, trung b\u00ecnh ho\u1eb7c cao \u0111\u1ec1 \u0111\u01b0\u1ee3c  M\u1ed9t l\u00f3ng \u0111\u1eadu 2-3 tr\u00e1i,  Kh\u00e1ng b\u1ec7nh: CMV, CVYV: IR  Gi\u1ed1ng d\u01b0a leo F1 Hyprid  T\u1ef7 l\u1ec7 n\u1ea3y m\u1ea7m: &gt; 85%  K\u00edch th\u01b0\u1edbc qu\u1ea3:\u00a0 6-7 cm  Th\u1eddi gian thu ho\u1ea1ch: 27-30 ng\u00e0y sau tr\u1ed3ng  Th\u1eddi v\u1ee5 tr\u1ed3ng: quanh n\u0103m","robots":{"index":"index","follow":"follow","max-snippet":"max-snippet:-1","max-image-preview":"max-image-preview:large","max-video-preview":"max-video-preview:-1"},"canonical":"https:\/\/nongphat.com.vn\/jap\/san-pham\/hat-giong-dua-leo-sumi-sumi\/","og_locale":"en_US","og_type":"article","og_title":"H\u1ea1t Gi\u1ed1ng D\u01b0a Leo SUMI SUMI - N\u00f4ng Ph\u00e1t","og_description":"M\u00f4 t\u1ea3:\u00a0   D\u01b0a leo baby ng\u1ecdt v\u00e0 m\u1ecdng n\u01b0\u1edbc, r\u1ea5t sai qu\u1ea3. Ra qua li\u00ean t\u1ee5c, ra t\u1eeb g\u1ed1c \u0111\u1ebfn ng\u1ecdn, th\u1eddi gian thu ho\u1ea1ch s\u1edbm ch\u1ec9 sau 27 ng\u00e0y ng\u00e0y k\u1ec3 t\u1eeb ng\u00e0y gieo h\u1ea1t.  Th\u00edch h\u1ee3p c\u00f4ng t\u00e1c theo c\u00f4ng ngh\u1ec7 truy\u1ec1n th\u1ed1ng, nh\u00e0 m\u00e0ng c\u00f4ng ngh\u1ec7 th\u1ea5p, trung b\u00ecnh ho\u1eb7c cao \u0111\u1ec1 \u0111\u01b0\u1ee3c  M\u1ed9t l\u00f3ng \u0111\u1eadu 2-3 tr\u00e1i,  Kh\u00e1ng b\u1ec7nh: CMV, CVYV: IR  Gi\u1ed1ng d\u01b0a leo F1 Hyprid  T\u1ef7 l\u1ec7 n\u1ea3y m\u1ea7m: &gt; 85%  K\u00edch th\u01b0\u1edbc qu\u1ea3:\u00a0 6-7 cm  Th\u1eddi gian thu ho\u1ea1ch: 27-30 ng\u00e0y sau tr\u1ed3ng  Th\u1eddi v\u1ee5 tr\u1ed3ng: quanh n\u0103m","og_url":"https:\/\/nongphat.com.vn\/san-pham\/hat-giong-dua-leo-sumi-sumi\/","og_site_name":"N\u00f4ng Ph\u00e1t","article_publisher":"https:\/\/www.facebook.com\/NONG.PHAT.Melon","article_modified_time":"2022-09-23T03:00:50+00:00","og_image":[{"width":1064,"height":1064,"url":"https:\/\/nongphat.com.vn\/wp-content\/uploads\/2022\/09\/du\u031ba-leo-sumi.jpg","type":"image\/jpeg"}],"twitter_card":"summary_large_image","schema":{"@context":"https:\/\/schema.org","@graph":[{"@type":"Organization","@id":"https:\/\/nongphat.com.vn\/#organization","name":"H\u1ea1t Gi\u1ed1ng Nh\u1eadt B\u1ea3n - N\u00f4ng Ph\u00e1t Farm","url":"https:\/\/nongphat.com.vn\/","sameAs":["https:\/\/www.facebook.com\/NONG.PHAT.Melon","https:\/\/www.instagram.com\/nongphatfarm\/","https:\/\/www.youtube.com\/channel\/UCrgCTZ6Dmvhys0bbs6kXycg"],"logo":{"@type":"ImageObject","@id":"https:\/\/nongphat.com.vn\/#logo","inLanguage":"jap","url":"https:\/\/nongphat.com.vn\/wp-content\/uploads\/2021\/06\/logo-nong-phat.jpg","contentUrl":"https:\/\/nongphat.com.vn\/wp-content\/uploads\/2021\/06\/logo-nong-phat.jpg","width":1578,"height":1578,"caption":"H\u1ea1t Gi\u1ed1ng Nh\u1eadt B\u1ea3n - N\u00f4ng Ph\u00e1t Farm"},"image":{"@id":"https:\/\/nongphat.com.vn\/#logo"}},{"@type":"WebSite","@id":"https:\/\/nongphat.com.vn\/#website","url":"https:\/\/nongphat.com.vn\/","name":"N\u00f4ng Ph\u00e1t","description":"H\u1ea1t gi\u1ed1ng Nh\u1eadt B\u1ea3n - N\u00f4ng Ph\u00e1t Farm","publisher":{"@id":"https:\/\/nongphat.com.vn\/#organization"},"potentialAction":[{"@type":"SearchAction","target":{"@type":"EntryPoint","urlTemplate":"https:\/\/nongphat.com.vn\/?s={search_term_string}"},"query-input":"required name=search_term_string"}],"inLanguage":"jap"},{"@type":"ImageObject","@id":"https:\/\/nongphat.com.vn\/san-pham\/hat-giong-dua-leo-sumi-sumi\/#primaryimage","inLanguage":"jap","url":"https:\/\/nongphat.com.vn\/wp-content\/uploads\/2022\/09\/du\u031ba-leo-sumi.jpg","contentUrl":"https:\/\/nongphat.com.vn\/wp-content\/uploads\/2022\/09\/du\u031ba-leo-sumi.jpg","width":1064,"height":1064},{"@type":"WebPage","@id":"https:\/\/nongphat.com.vn\/san-pham\/hat-giong-dua-leo-sumi-sumi\/#webpage","url":"https:\/\/nongphat.com.vn\/san-pham\/hat-giong-dua-leo-sumi-sumi\/","name":"H\u1ea1t Gi\u1ed1ng D\u01b0a Leo SUMI SUMI - N\u00f4ng Ph\u00e1t","isPartOf":{"@id":"https:\/\/nongphat.com.vn\/#website"},"primaryImageOfPage":{"@id":"https:\/\/nongphat.com.vn\/san-pham\/hat-giong-dua-leo-sumi-sumi\/#primaryimage"},"datePublished":"2022-09-22T09:59:19+00:00","dateModified":"2022-09-23T03:00:50+00:00","description":"M\u00f4 t\u1ea3:\u00a0 D\u01b0a leo baby ng\u1ecdt v\u00e0 m\u1ecdng n\u01b0\u1edbc, r\u1ea5t sai qu\u1ea3. Ra qua li\u00ean t\u1ee5c, ra t\u1eeb g\u1ed1c \u0111\u1ebfn ng\u1ecdn, th\u1eddi gian thu ho\u1ea1ch s\u1edbm ch\u1ec9 sau 27 ng\u00e0y ng\u00e0y k\u1ec3 t\u1eeb ng\u00e0y gieo h\u1ea1t. Th\u00edch h\u1ee3p c\u00f4ng t\u00e1c theo c\u00f4ng ngh\u1ec7 truy\u1ec1n th\u1ed1ng, nh\u00e0 m\u00e0ng c\u00f4ng ngh\u1ec7 th\u1ea5p, trung b\u00ecnh ho\u1eb7c cao \u0111\u1ec1 \u0111\u01b0\u1ee3c M\u1ed9t l\u00f3ng \u0111\u1eadu 2-3 tr\u00e1i, Kh\u00e1ng b\u1ec7nh: CMV, CVYV: IR Gi\u1ed1ng d\u01b0a leo F1 Hyprid T\u1ef7 l\u1ec7 n\u1ea3y m\u1ea7m: &gt; 85% K\u00edch th\u01b0\u1edbc qu\u1ea3:\u00a0 6-7 cm Th\u1eddi gian thu ho\u1ea1ch: 27-30 ng\u00e0y sau tr\u1ed3ng Th\u1eddi v\u1ee5 tr\u1ed3ng: quanh n\u0103m","breadcrumb":{"@id":"https:\/\/nongphat.com.vn\/san-pham\/hat-giong-dua-leo-sumi-sumi\/#breadcrumb"},"inLanguage":"jap","potentialAction":[{"@type":"ReadAction","target":["https:\/\/nongphat.com.vn\/san-pham\/hat-giong-dua-leo-sumi-sumi\/"]}]},{"@type":"BreadcrumbList","@id":"https:\/\/nongphat.com.vn\/san-pham\/hat-giong-dua-leo-sumi-sumi\/#breadcrumb","itemListElement":[{"@type":"ListItem","position":1,"name":"\u30db\u30fc\u30e0\u30da\u30fc\u30b8","item":"https:\/\/nongphat.com.vn\/jap\/"},{"@type":"ListItem","position":2,"name":"\u5546\u54c1\u4e00\u89a7","item":"https:\/\/nongphat.com.vn\/jap\/cua-hang\/"},{"@type":"ListItem","position":3,"name":"H\u1ea1t Gi\u1ed1ng D\u01b0a Leo SUMI SUMI"}]}]}},"_links":{"self":[{"href":"https:\/\/nongphat.com.vn\/jap\/wp-json\/wp\/v2\/product\/8427"}],"collection":[{"href":"https:\/\/nongphat.com.vn\/jap\/wp-json\/wp\/v2\/product"}],"about":[{"href":"https:\/\/nongphat.com.vn\/jap\/wp-json\/wp\/v2\/types\/product"}],"replies":[{"embeddable":true,"href":"https:\/\/nongphat.com.vn\/jap\/wp-json\/wp\/v2\/comments?post=8427"}],"wp:featuredmedia":[{"embeddable":true,"href":"https:\/\/nongphat.com.vn\/jap\/wp-json\/wp\/v2\/media\/8428"}],"wp:attachment":[{"href":"https:\/\/nongphat.com.vn\/jap\/wp-json\/wp\/v2\/media?parent=8427"}],"wp:term":[{"taxonomy":"product_cat","embeddable":true,"href":"https:\/\/nongphat.com.vn\/jap\/wp-json\/wp\/v2\/product_cat?post=8427"},{"taxonomy":"product_tag","embeddable":true,"href":"https:\/\/nongphat.com.vn\/jap\/wp-json\/wp\/v2\/product_tag?post=8427"}],"curies":[{"name":"wp","href":"https:\/\/api.w.org\/{rel}","templated":true}]}}