{"id":8778,"date":"2023-02-25T08:10:12","date_gmt":"2023-02-25T01:10:12","guid":{"rendered":"https:\/\/nongphat.com.vn\/?post_type=product&#038;p=8778"},"modified":"2023-02-25T08:10:12","modified_gmt":"2023-02-25T01:10:12","slug":"hat-giong-dua-leo-cu-35","status":"publish","type":"product","link":"https:\/\/nongphat.com.vn\/jap\/san-pham\/hat-giong-dua-leo-cu-35\/","title":{"rendered":"H\u1ea1t Gi\u1ed1ng D\u01b0a Leo CU-35"},"content":{"rendered":"","protected":false},"excerpt":{"rendered":"<p><strong><span style=\"font-size: 130%; color: #f99b1c;\">M\u00f4 t\u1ea3:\u00a0<\/span><\/strong><\/p>\n<p><span style=\"color: #282828;\">\u0110\u00e2y l\u00e0 d\u00f2ng d\u01b0a leo r\u1ea5t ph\u1ed5 bi\u1ebfn tr\u00ean th\u1ecb tr\u01b0\u1eddng Vi\u1ec7t Nam. R\u1ea5t sai qu\u1ea3, c\u00f3 kho\u1ea3ng ru\u1ed9t nh\u1ecf, th\u1ecbt d\u01b0a gi\u00f2n ng\u1ecdt v\u00e0 m\u1ecdng n\u01b0\u1edbc. <\/span><span style=\"color: #000000;\">Tr\u00e1i l\u1edbn r\u1ea5t nhanh, n\u00ean c\u1ea7n thu h\u00e1i th\u01b0\u1eddng xuy\u00ean m\u1ed7i ng\u00e0y khi v\u00e0o nh\u1eefng ng\u00e0y thu ho\u1ea1ch.<\/span><\/p>\n<ul>\n<li><span style=\"color: #000000;\">Gi\u1ed1ng d\u01b0a leo F1 Hyprid<\/span><\/li>\n<li><span style=\"color: #000000;\">T\u1ef7 l\u1ec7 n\u1ea3y m\u1ea7m: &gt; 85%<\/span><\/li>\n<li><span style=\"color: #000000;\">K\u00edch th\u01b0\u1edbc qu\u1ea3: 16 &#8211; 20cm<\/span><\/li>\n<li><span style=\"color: #000000;\">Th\u1eddi gian thu ho\u1ea1ch: 28 &#8211; 30 ng\u00e0y sau tr\u1ed3ng<\/span><\/li>\n<li><span style=\"color: #000000;\">Th\u1eddi v\u1ee5 tr\u1ed3ng: quanh n\u0103m<\/span><\/li>\n<\/ul>\n","protected":false},"featured_media":8791,"comment_status":"open","ping_status":"closed","template":"","meta":[],"product_cat":[1185],"product_tag":[],"yoast_head":"<!-- This site is optimized with the Yoast SEO plugin v17.6 - https:\/\/yoast.com\/wordpress\/plugins\/seo\/ -->\n<title>H\u1ea1t Gi\u1ed1ng D\u01b0a Leo CU-35 - N\u00f4ng Ph\u00e1t<\/title>\n<meta name=\"description\" content=\"M\u00f4 t\u1ea3:\u00a0  \u0110\u00e2y l\u00e0 d\u00f2ng d\u01b0a leo r\u1ea5t ph\u1ed5 bi\u1ebfn tr\u00ean th\u1ecb tr\u01b0\u1eddng Vi\u1ec7t Nam. R\u1ea5t sai qu\u1ea3, c\u00f3 kho\u1ea3ng ru\u1ed9t nh\u1ecf, th\u1ecbt d\u01b0a gi\u00f2n ng\u1ecdt v\u00e0 m\u1ecdng n\u01b0\u1edbc. Tr\u00e1i l\u1edbn r\u1ea5t nhanh, n\u00ean c\u1ea7n thu h\u00e1i th\u01b0\u1eddng xuy\u00ean m\u1ed7i ng\u00e0y khi v\u00e0o nh\u1eefng ng\u00e0y thu ho\u1ea1ch.   Gi\u1ed1ng d\u01b0a leo F1 Hyprid  T\u1ef7 l\u1ec7 n\u1ea3y m\u1ea7m: &gt; 85%  K\u00edch th\u01b0\u1edbc qu\u1ea3: 16 - 20cm  Th\u1eddi gian thu ho\u1ea1ch: 28 - 30 ng\u00e0y sau tr\u1ed3ng  Th\u1eddi v\u1ee5 tr\u1ed3ng: quanh n\u0103m\" \/>\n<meta name=\"robots\" content=\"index, follow, max-snippet:-1, max-image-preview:large, max-video-preview:-1\" \/>\n<link rel=\"canonical\" href=\"https:\/\/nongphat.com.vn\/jap\/san-pham\/hat-giong-dua-leo-cu-35\/\" \/>\n<meta property=\"og:locale\" content=\"en_US\" \/>\n<meta property=\"og:type\" content=\"article\" \/>\n<meta property=\"og:title\" content=\"H\u1ea1t Gi\u1ed1ng D\u01b0a Leo CU-35 - N\u00f4ng Ph\u00e1t\" \/>\n<meta property=\"og:description\" content=\"M\u00f4 t\u1ea3:\u00a0  \u0110\u00e2y l\u00e0 d\u00f2ng d\u01b0a leo r\u1ea5t ph\u1ed5 bi\u1ebfn tr\u00ean th\u1ecb tr\u01b0\u1eddng Vi\u1ec7t Nam. R\u1ea5t sai qu\u1ea3, c\u00f3 kho\u1ea3ng ru\u1ed9t nh\u1ecf, th\u1ecbt d\u01b0a gi\u00f2n ng\u1ecdt v\u00e0 m\u1ecdng n\u01b0\u1edbc. Tr\u00e1i l\u1edbn r\u1ea5t nhanh, n\u00ean c\u1ea7n thu h\u00e1i th\u01b0\u1eddng xuy\u00ean m\u1ed7i ng\u00e0y khi v\u00e0o nh\u1eefng ng\u00e0y thu ho\u1ea1ch.   Gi\u1ed1ng d\u01b0a leo F1 Hyprid  T\u1ef7 l\u1ec7 n\u1ea3y m\u1ea7m: &gt; 85%  K\u00edch th\u01b0\u1edbc qu\u1ea3: 16 - 20cm  Th\u1eddi gian thu ho\u1ea1ch: 28 - 30 ng\u00e0y sau tr\u1ed3ng  Th\u1eddi v\u1ee5 tr\u1ed3ng: quanh n\u0103m\" \/>\n<meta property=\"og:url\" content=\"https:\/\/nongphat.com.vn\/san-pham\/hat-giong-dua-leo-cu-35\/\" \/>\n<meta property=\"og:site_name\" content=\"N\u00f4ng Ph\u00e1t\" \/>\n<meta property=\"article:publisher\" content=\"https:\/\/www.facebook.com\/NONG.PHAT.Melon\" \/>\n<meta property=\"og:image\" content=\"https:\/\/nongphat.com.vn\/wp-content\/uploads\/2023\/02\/z4120397385050_6dbfe182b52689fdbcc792b515afbe17.jpg\" \/>\n\t<meta property=\"og:image:width\" content=\"1064\" \/>\n\t<meta property=\"og:image:height\" content=\"1064\" \/>\n<meta name=\"twitter:card\" content=\"summary_large_image\" \/>\n<script type=\"application\/ld+json\" class=\"yoast-schema-graph\">{\"@context\":\"https:\/\/schema.org\",\"@graph\":[{\"@type\":\"Organization\",\"@id\":\"https:\/\/nongphat.com.vn\/#organization\",\"name\":\"H\\u1ea1t Gi\\u1ed1ng Nh\\u1eadt B\\u1ea3n - N\\u00f4ng Ph\\u00e1t Farm\",\"url\":\"https:\/\/nongphat.com.vn\/\",\"sameAs\":[\"https:\/\/www.facebook.com\/NONG.PHAT.Melon\",\"https:\/\/www.instagram.com\/nongphatfarm\/\",\"https:\/\/www.youtube.com\/channel\/UCrgCTZ6Dmvhys0bbs6kXycg\"],\"logo\":{\"@type\":\"ImageObject\",\"@id\":\"https:\/\/nongphat.com.vn\/#logo\",\"inLanguage\":\"jap\",\"url\":\"https:\/\/nongphat.com.vn\/wp-content\/uploads\/2021\/06\/logo-nong-phat.jpg\",\"contentUrl\":\"https:\/\/nongphat.com.vn\/wp-content\/uploads\/2021\/06\/logo-nong-phat.jpg\",\"width\":1578,\"height\":1578,\"caption\":\"H\\u1ea1t Gi\\u1ed1ng Nh\\u1eadt B\\u1ea3n - N\\u00f4ng Ph\\u00e1t Farm\"},\"image\":{\"@id\":\"https:\/\/nongphat.com.vn\/#logo\"}},{\"@type\":\"WebSite\",\"@id\":\"https:\/\/nongphat.com.vn\/#website\",\"url\":\"https:\/\/nongphat.com.vn\/\",\"name\":\"N\\u00f4ng Ph\\u00e1t\",\"description\":\"H\\u1ea1t gi\\u1ed1ng Nh\\u1eadt B\\u1ea3n - N\\u00f4ng Ph\\u00e1t Farm\",\"publisher\":{\"@id\":\"https:\/\/nongphat.com.vn\/#organization\"},\"potentialAction\":[{\"@type\":\"SearchAction\",\"target\":{\"@type\":\"EntryPoint\",\"urlTemplate\":\"https:\/\/nongphat.com.vn\/?s={search_term_string}\"},\"query-input\":\"required name=search_term_string\"}],\"inLanguage\":\"jap\"},{\"@type\":\"ImageObject\",\"@id\":\"https:\/\/nongphat.com.vn\/san-pham\/hat-giong-dua-leo-cu-35\/#primaryimage\",\"inLanguage\":\"jap\",\"url\":\"https:\/\/nongphat.com.vn\/wp-content\/uploads\/2023\/02\/z4120397385050_6dbfe182b52689fdbcc792b515afbe17.jpg\",\"contentUrl\":\"https:\/\/nongphat.com.vn\/wp-content\/uploads\/2023\/02\/z4120397385050_6dbfe182b52689fdbcc792b515afbe17.jpg\",\"width\":1064,\"height\":1064},{\"@type\":\"WebPage\",\"@id\":\"https:\/\/nongphat.com.vn\/san-pham\/hat-giong-dua-leo-cu-35\/#webpage\",\"url\":\"https:\/\/nongphat.com.vn\/san-pham\/hat-giong-dua-leo-cu-35\/\",\"name\":\"H\\u1ea1t Gi\\u1ed1ng D\\u01b0a Leo CU-35 - N\\u00f4ng Ph\\u00e1t\",\"isPartOf\":{\"@id\":\"https:\/\/nongphat.com.vn\/#website\"},\"primaryImageOfPage\":{\"@id\":\"https:\/\/nongphat.com.vn\/san-pham\/hat-giong-dua-leo-cu-35\/#primaryimage\"},\"datePublished\":\"2023-02-25T01:10:12+00:00\",\"dateModified\":\"2023-02-25T01:10:12+00:00\",\"description\":\"M\\u00f4 t\\u1ea3:\\u00a0 \\u0110\\u00e2y l\\u00e0 d\\u00f2ng d\\u01b0a leo r\\u1ea5t ph\\u1ed5 bi\\u1ebfn tr\\u00ean th\\u1ecb tr\\u01b0\\u1eddng Vi\\u1ec7t Nam. R\\u1ea5t sai qu\\u1ea3, c\\u00f3 kho\\u1ea3ng ru\\u1ed9t nh\\u1ecf, th\\u1ecbt d\\u01b0a gi\\u00f2n ng\\u1ecdt v\\u00e0 m\\u1ecdng n\\u01b0\\u1edbc. Tr\\u00e1i l\\u1edbn r\\u1ea5t nhanh, n\\u00ean c\\u1ea7n thu h\\u00e1i th\\u01b0\\u1eddng xuy\\u00ean m\\u1ed7i ng\\u00e0y khi v\\u00e0o nh\\u1eefng ng\\u00e0y thu ho\\u1ea1ch. Gi\\u1ed1ng d\\u01b0a leo F1 Hyprid T\\u1ef7 l\\u1ec7 n\\u1ea3y m\\u1ea7m: &gt; 85% K\\u00edch th\\u01b0\\u1edbc qu\\u1ea3: 16 - 20cm Th\\u1eddi gian thu ho\\u1ea1ch: 28 - 30 ng\\u00e0y sau tr\\u1ed3ng Th\\u1eddi v\\u1ee5 tr\\u1ed3ng: quanh n\\u0103m\",\"breadcrumb\":{\"@id\":\"https:\/\/nongphat.com.vn\/san-pham\/hat-giong-dua-leo-cu-35\/#breadcrumb\"},\"inLanguage\":\"jap\",\"potentialAction\":[{\"@type\":\"ReadAction\",\"target\":[\"https:\/\/nongphat.com.vn\/san-pham\/hat-giong-dua-leo-cu-35\/\"]}]},{\"@type\":\"BreadcrumbList\",\"@id\":\"https:\/\/nongphat.com.vn\/san-pham\/hat-giong-dua-leo-cu-35\/#breadcrumb\",\"itemListElement\":[{\"@type\":\"ListItem\",\"position\":1,\"name\":\"\\u30db\\u30fc\\u30e0\\u30da\\u30fc\\u30b8\",\"item\":\"https:\/\/nongphat.com.vn\/jap\/\"},{\"@type\":\"ListItem\",\"position\":2,\"name\":\"\\u5546\\u54c1\\u4e00\\u89a7\",\"item\":\"https:\/\/nongphat.com.vn\/jap\/cua-hang\/\"},{\"@type\":\"ListItem\",\"position\":3,\"name\":\"H\\u1ea1t Gi\\u1ed1ng D\\u01b0a Leo CU-35\"}]}]}<\/script>\n<!-- \/ Yoast SEO plugin. -->","yoast_head_json":{"title":"H\u1ea1t Gi\u1ed1ng D\u01b0a Leo CU-35 - N\u00f4ng Ph\u00e1t","description":"M\u00f4 t\u1ea3:\u00a0  \u0110\u00e2y l\u00e0 d\u00f2ng d\u01b0a leo r\u1ea5t ph\u1ed5 bi\u1ebfn tr\u00ean th\u1ecb tr\u01b0\u1eddng Vi\u1ec7t Nam. R\u1ea5t sai qu\u1ea3, c\u00f3 kho\u1ea3ng ru\u1ed9t nh\u1ecf, th\u1ecbt d\u01b0a gi\u00f2n ng\u1ecdt v\u00e0 m\u1ecdng n\u01b0\u1edbc. Tr\u00e1i l\u1edbn r\u1ea5t nhanh, n\u00ean c\u1ea7n thu h\u00e1i th\u01b0\u1eddng xuy\u00ean m\u1ed7i ng\u00e0y khi v\u00e0o nh\u1eefng ng\u00e0y thu ho\u1ea1ch.   Gi\u1ed1ng d\u01b0a leo F1 Hyprid  T\u1ef7 l\u1ec7 n\u1ea3y m\u1ea7m: &gt; 85%  K\u00edch th\u01b0\u1edbc qu\u1ea3: 16 - 20cm  Th\u1eddi gian thu ho\u1ea1ch: 28 - 30 ng\u00e0y sau tr\u1ed3ng  Th\u1eddi v\u1ee5 tr\u1ed3ng: quanh n\u0103m","robots":{"index":"index","follow":"follow","max-snippet":"max-snippet:-1","max-image-preview":"max-image-preview:large","max-video-preview":"max-video-preview:-1"},"canonical":"https:\/\/nongphat.com.vn\/jap\/san-pham\/hat-giong-dua-leo-cu-35\/","og_locale":"en_US","og_type":"article","og_title":"H\u1ea1t Gi\u1ed1ng D\u01b0a Leo CU-35 - N\u00f4ng Ph\u00e1t","og_description":"M\u00f4 t\u1ea3:\u00a0  \u0110\u00e2y l\u00e0 d\u00f2ng d\u01b0a leo r\u1ea5t ph\u1ed5 bi\u1ebfn tr\u00ean th\u1ecb tr\u01b0\u1eddng Vi\u1ec7t Nam. R\u1ea5t sai qu\u1ea3, c\u00f3 kho\u1ea3ng ru\u1ed9t nh\u1ecf, th\u1ecbt d\u01b0a gi\u00f2n ng\u1ecdt v\u00e0 m\u1ecdng n\u01b0\u1edbc. Tr\u00e1i l\u1edbn r\u1ea5t nhanh, n\u00ean c\u1ea7n thu h\u00e1i th\u01b0\u1eddng xuy\u00ean m\u1ed7i ng\u00e0y khi v\u00e0o nh\u1eefng ng\u00e0y thu ho\u1ea1ch.   Gi\u1ed1ng d\u01b0a leo F1 Hyprid  T\u1ef7 l\u1ec7 n\u1ea3y m\u1ea7m: &gt; 85%  K\u00edch th\u01b0\u1edbc qu\u1ea3: 16 - 20cm  Th\u1eddi gian thu ho\u1ea1ch: 28 - 30 ng\u00e0y sau tr\u1ed3ng  Th\u1eddi v\u1ee5 tr\u1ed3ng: quanh n\u0103m","og_url":"https:\/\/nongphat.com.vn\/san-pham\/hat-giong-dua-leo-cu-35\/","og_site_name":"N\u00f4ng Ph\u00e1t","article_publisher":"https:\/\/www.facebook.com\/NONG.PHAT.Melon","og_image":[{"width":1064,"height":1064,"url":"https:\/\/nongphat.com.vn\/wp-content\/uploads\/2023\/02\/z4120397385050_6dbfe182b52689fdbcc792b515afbe17.jpg","type":"image\/jpeg"}],"twitter_card":"summary_large_image","schema":{"@context":"https:\/\/schema.org","@graph":[{"@type":"Organization","@id":"https:\/\/nongphat.com.vn\/#organization","name":"H\u1ea1t Gi\u1ed1ng Nh\u1eadt B\u1ea3n - N\u00f4ng Ph\u00e1t Farm","url":"https:\/\/nongphat.com.vn\/","sameAs":["https:\/\/www.facebook.com\/NONG.PHAT.Melon","https:\/\/www.instagram.com\/nongphatfarm\/","https:\/\/www.youtube.com\/channel\/UCrgCTZ6Dmvhys0bbs6kXycg"],"logo":{"@type":"ImageObject","@id":"https:\/\/nongphat.com.vn\/#logo","inLanguage":"jap","url":"https:\/\/nongphat.com.vn\/wp-content\/uploads\/2021\/06\/logo-nong-phat.jpg","contentUrl":"https:\/\/nongphat.com.vn\/wp-content\/uploads\/2021\/06\/logo-nong-phat.jpg","width":1578,"height":1578,"caption":"H\u1ea1t Gi\u1ed1ng Nh\u1eadt B\u1ea3n - N\u00f4ng Ph\u00e1t Farm"},"image":{"@id":"https:\/\/nongphat.com.vn\/#logo"}},{"@type":"WebSite","@id":"https:\/\/nongphat.com.vn\/#website","url":"https:\/\/nongphat.com.vn\/","name":"N\u00f4ng Ph\u00e1t","description":"H\u1ea1t gi\u1ed1ng Nh\u1eadt B\u1ea3n - N\u00f4ng Ph\u00e1t Farm","publisher":{"@id":"https:\/\/nongphat.com.vn\/#organization"},"potentialAction":[{"@type":"SearchAction","target":{"@type":"EntryPoint","urlTemplate":"https:\/\/nongphat.com.vn\/?s={search_term_string}"},"query-input":"required name=search_term_string"}],"inLanguage":"jap"},{"@type":"ImageObject","@id":"https:\/\/nongphat.com.vn\/san-pham\/hat-giong-dua-leo-cu-35\/#primaryimage","inLanguage":"jap","url":"https:\/\/nongphat.com.vn\/wp-content\/uploads\/2023\/02\/z4120397385050_6dbfe182b52689fdbcc792b515afbe17.jpg","contentUrl":"https:\/\/nongphat.com.vn\/wp-content\/uploads\/2023\/02\/z4120397385050_6dbfe182b52689fdbcc792b515afbe17.jpg","width":1064,"height":1064},{"@type":"WebPage","@id":"https:\/\/nongphat.com.vn\/san-pham\/hat-giong-dua-leo-cu-35\/#webpage","url":"https:\/\/nongphat.com.vn\/san-pham\/hat-giong-dua-leo-cu-35\/","name":"H\u1ea1t Gi\u1ed1ng D\u01b0a Leo CU-35 - N\u00f4ng Ph\u00e1t","isPartOf":{"@id":"https:\/\/nongphat.com.vn\/#website"},"primaryImageOfPage":{"@id":"https:\/\/nongphat.com.vn\/san-pham\/hat-giong-dua-leo-cu-35\/#primaryimage"},"datePublished":"2023-02-25T01:10:12+00:00","dateModified":"2023-02-25T01:10:12+00:00","description":"M\u00f4 t\u1ea3:\u00a0 \u0110\u00e2y l\u00e0 d\u00f2ng d\u01b0a leo r\u1ea5t ph\u1ed5 bi\u1ebfn tr\u00ean th\u1ecb tr\u01b0\u1eddng Vi\u1ec7t Nam. R\u1ea5t sai qu\u1ea3, c\u00f3 kho\u1ea3ng ru\u1ed9t nh\u1ecf, th\u1ecbt d\u01b0a gi\u00f2n ng\u1ecdt v\u00e0 m\u1ecdng n\u01b0\u1edbc. Tr\u00e1i l\u1edbn r\u1ea5t nhanh, n\u00ean c\u1ea7n thu h\u00e1i th\u01b0\u1eddng xuy\u00ean m\u1ed7i ng\u00e0y khi v\u00e0o nh\u1eefng ng\u00e0y thu ho\u1ea1ch. Gi\u1ed1ng d\u01b0a leo F1 Hyprid T\u1ef7 l\u1ec7 n\u1ea3y m\u1ea7m: &gt; 85% K\u00edch th\u01b0\u1edbc qu\u1ea3: 16 - 20cm Th\u1eddi gian thu ho\u1ea1ch: 28 - 30 ng\u00e0y sau tr\u1ed3ng Th\u1eddi v\u1ee5 tr\u1ed3ng: quanh n\u0103m","breadcrumb":{"@id":"https:\/\/nongphat.com.vn\/san-pham\/hat-giong-dua-leo-cu-35\/#breadcrumb"},"inLanguage":"jap","potentialAction":[{"@type":"ReadAction","target":["https:\/\/nongphat.com.vn\/san-pham\/hat-giong-dua-leo-cu-35\/"]}]},{"@type":"BreadcrumbList","@id":"https:\/\/nongphat.com.vn\/san-pham\/hat-giong-dua-leo-cu-35\/#breadcrumb","itemListElement":[{"@type":"ListItem","position":1,"name":"\u30db\u30fc\u30e0\u30da\u30fc\u30b8","item":"https:\/\/nongphat.com.vn\/jap\/"},{"@type":"ListItem","position":2,"name":"\u5546\u54c1\u4e00\u89a7","item":"https:\/\/nongphat.com.vn\/jap\/cua-hang\/"},{"@type":"ListItem","position":3,"name":"H\u1ea1t Gi\u1ed1ng D\u01b0a Leo CU-35"}]}]}},"_links":{"self":[{"href":"https:\/\/nongphat.com.vn\/jap\/wp-json\/wp\/v2\/product\/8778"}],"collection":[{"href":"https:\/\/nongphat.com.vn\/jap\/wp-json\/wp\/v2\/product"}],"about":[{"href":"https:\/\/nongphat.com.vn\/jap\/wp-json\/wp\/v2\/types\/product"}],"replies":[{"embeddable":true,"href":"https:\/\/nongphat.com.vn\/jap\/wp-json\/wp\/v2\/comments?post=8778"}],"wp:featuredmedia":[{"embeddable":true,"href":"https:\/\/nongphat.com.vn\/jap\/wp-json\/wp\/v2\/media\/8791"}],"wp:attachment":[{"href":"https:\/\/nongphat.com.vn\/jap\/wp-json\/wp\/v2\/media?parent=8778"}],"wp:term":[{"taxonomy":"product_cat","embeddable":true,"href":"https:\/\/nongphat.com.vn\/jap\/wp-json\/wp\/v2\/product_cat?post=8778"},{"taxonomy":"product_tag","embeddable":true,"href":"https:\/\/nongphat.com.vn\/jap\/wp-json\/wp\/v2\/product_tag?post=8778"}],"curies":[{"name":"wp","href":"https:\/\/api.w.org\/{rel}","templated":true}]}}